Suppose -3*x + 14 = -x. Suppose j = 5*t + x, -3*t + 6*t = 5*j - 13. What is l(j)?
8
Let t(i) = -3*i + 0*i**2 - 2 - 3*i + i**2. Let v(s) = s + 1. Let x be v(1). Suppose x*z - 12 = -2. Determine t(z).
-7
Let j(t) be the first derivative of -t**7/840 - t**6/60 - t**5/24 + 5*t**4/24 + t**3 - 2. Let z(k) be the third derivative of j(k). Calculate z(-5).
5
Let b(t) = -t. Let w(z) = 2*z. Let s(l) = -3*b(l) - 2*w(l). What is s(1)?
-1
Suppose 4*t + 10 = -3*a - 2*a, 5*a + 10 = -3*t. Let o(l) = -3*l**2 - 3*l - 2. Determine o(a).
-8
Suppose -3*g - 10 = -2*k + 2, 0 = 5*g + 3*k + 20. Let y(h) = 1 - 5*h + 2 - 3*h**2 + 2*h**2 + 0*h**2. Give y(g).
7
Let k(p) be the second derivative of 5*p**3/6 + 7*p**2 - 2*p. Let w(o) = -6*o - 15. Let v(f) = -5*k(f) - 4*w(f). Give v(-6).
-4
Let n be (-2)/3 - (-20)/(-6). Let p(s) = s. Let m(l) = 2*l. Let t(y) = -6*m(y) + 11*p(y). Give t(n).
4
Let u(d) be the third derivative of -d**4/24 + 13*d**3/6 - 3*d**2. Give u(6).
7
Let z(q) = q**3 - 6*q**2 - 7*q + 7. Let v(d) = 4*d - 5. Let h be v(3). Determine z(h).
7
Let l(w) = 3*w**2 - w - 5. Let v(m) = 7*m**2 - 2*m - 11. Let p(t) = 5*l(t) - 2*v(t). Let f = -5 + 8. What is p(f)?
3
Let k(f) = 16*f**2 - 37*f**2 + 22*f**2 - 3 - 7*f. Give k(7).
-3
Suppose -3*y + 8*y = -2*c + 20, 27 = y + 5*c. Let o(k) be the first derivative of -1 + 3/2*k**y - k. Determine o(1).
2
Let q = 24 + -26. Let u(m) be the first derivative of m**3/3 + 3*m**2/2 + 2. Calculate u(q).
-2
Let u = -3 + -2. Let h(x) = 17 - 3*x - 32 + 10*x**2 - 5*x**3 + 16. Let f(b) = 4*b**3 - 9*b**2 + 3*b - 2. Let j(g) = u*h(g) - 6*f(g). Calculate j(-5).
-3
Let o(p) = -4 + 3 - 7*p + 3*p - 2*p. Give o(2).
-13
Let r(j) be the first derivative of -3*j**2 + 1/3*j**3 + 2*j + 5. Suppose -h = -4 + 1. What is r(h)?
-7
Let y be 2 - (-1 + 2 + -1). Let i(t) = 7*t**2 + 10*t + 1. Let b(k) = 3*k**2 + 5*k + 1. Let g(h) = y*i(h) - 5*b(h). What is g(-5)?
-3
Let j(s) = -s - 9. Let z be 0/(-2) - 1 - -7. Let x(c) = c**3 - 1 - 3*c**2 + 0*c**3 - 7*c + 2 - 2*c**2. Let q be x(z). What is j(q)?
-4
Let v = 15 - 13. Let l(i) be the second derivative of 7/2*i**v + 2*i + 1/6*i**3 + 0 - 1/12*i**4. What is l(0)?
7
Let q = 4 + -6. Let j(n) = n**2 - 4*n - 4. Let o(c) = c**2 - c - 1. Let b(w) = -j(w) + 2*o(w). What is b(q)?
2
Let b(c) = c**3 + 5*c**2 + 5*c + 6. Let m = 2 - 6. Give b(m).
2
Let r be ((-24)/9)/4 + (-104)/(-12). Let d be (-3)/(-2)*4/2. Let a = d - r. Let m(n) = -n**3 - 4*n**2 + 4*n - 2. Determine m(a).
3
Let f(z) = z**2 - 2*z - 1. Let d be f(4). Let i be 8/(-16) + 11/2. Let l(y) = -6*y - 4 - 4*y**3 + 3*y**3 - i + 8*y**2. Give l(d).
-2
Suppose 7 = 13*w + 7. Let h(y) = y - 13. Give h(w).
-13
Let l(p) = p + 1. Let n = -20 - -16. Calculate l(n).
-3
Let w be (-2)/(1/(28/(-8))). Let d(y) = -y**3 + 6*y**2 + 6*y + 6. Determine d(w).
-1
Suppose 0*v + 5*v = 20. Let x(z) = -z - z - 3 + 0. Determine x(v).
-11
Let d(c) = -2*c**3 - 4*c**2 - 2*c. Let k be d(-2). Suppose -3*w = -3*u - 9, 0*w + 28 = -k*w - 4*u. Let p(y) = -y**2 - 2*y + 1. What is p(w)?
1
Let a(u) = 1. Let x(n) = 77 - 75 + 2*n - n. Let v(k) = k - 3. Let s be v(6). Let l(h) = s*x(h) - 6*a(h). Give l(-1).
-3
Let s(g) = 3*g**2 + 5*g + 13. Let l(p) = -p**2 - 3*p - 6. Let r(j) = 5*l(j) + 2*s(j). Calculate r(3).
-10
Suppose 4*z - 10 = -2. Let r be (z/(-2 + 1))/(-1). Let m(x) = 2*x - 2 - 2 + r. What is m(4)?
6
Suppose -3*b + 6*g - 2*g - 12 = 0, 5*g = 5*b + 15. Let s(y) = -y + 12. Let r(c) = -1. Let u(z) = 4*r(z) + s(z). Calculate u(b).
8
Let b(j) be the first derivative of j**4/6 - j**3/3 + 2*j - 3. Let d(n) be the first derivative of b(n). What is d(3)?
12
Let u(d) = d**3 - 3*d + 2. Let i be ((-2)/4)/((-1)/18). Suppose -3*y + i = -18. Suppose 8 = -4*n - 4*m, -4*n - y = -2*m - 25. Determine u(n).
4
Suppose -4*h = g - 3*g - 14, 2*g + 2*h = -2. Let m(v) = -v**2 + v - 1. Let x(p) = 5*p**2 - p + 2. Let d(r) = 3*m(r) + x(r). What is d(g)?
11
Let p(y) = -y + 1. Let v(q) = q**2 + 6*q - 2. Let k(a) = -2*p(a) - v(a). Let x(n) = 2*n**3 - 2*n**2 + 1. Let h be x(-1). What is k(h)?
3
Let c(p) = 1. Let h(q) = 2*q + 8. Let d(g) = 3*c(g) - h(g). What is d(6)?
-17
Let w(z) be the second derivative of z**6/720 + z**5/24 + z**4/6 - 6*z. Let m(l) be the third derivative of w(l). Determine m(-4).
1
Let p(n) be the first derivative of 2 - 1/2*n**2 - 1/3*n**3 + 2*n. Suppose -1 = -4*t - 9. Give p(t).
0
Let a = -1 + 6. Suppose 5*v - 3*q - 1 = 9, 5*v - 5*q = 0. Let n(s) = v - s**2 + 4*s - 1 + 0*s**2. Determine n(a).
-1
Let d(m) = 14*m - 4. Let y(s) = 27*s - 7. Let n(v) = -5*d(v) + 3*y(v). What is n(-1)?
-12
Let r(p) = -3*p - 39. Let j(f) = -f - 13. Let n(h) = -7*j(h) + 2*r(h). Determine n(-6).
7
Suppose 20 - 8 = 4*g. Let l(v) = -5*v**3 - 9*v**2 - v + 10. Let m(o) = -11*o**3 - 19*o**2 - 2*o + 21. Let w(r) = -13*l(r) + 6*m(r). What is w(g)?
-1
Suppose -4*a = -0*a. Let r(g) = 4*g - 3*g + 6 + a*g. What is r(-5)?
1
Let z(c) = 39*c + 5 - 71*c + 33*c. What is z(4)?
9
Let a(t) be the first derivative of t**5/120 + 5*t**4/24 + 5*t**3/3 - 2. Let p(m) be the third derivative of a(m). Let u be 0*(-2 + (-6)/(-4)). Calculate p(u).
5
Let m(x) be the first derivative of -x**4/4 + 4*x**3/3 + 3*x**2/2 + 3*x - 3. Let r be m(5). Let b = r - -12. Let q(s) = -s**3 + 5*s**2 + s + 2. Determine q(b).
7
Let u(z) be the second derivative of 0 - 1/6*z**3 - 3*z + 1/12*z**4 - 1/2*z**2. What is u(3)?
5
Let f(z) = 2*z + 1. Suppose -3*v = 4*h + 2*v - 8, -6 = -3*h + 5*v. Suppose g = 2*g - h. Suppose g*m = 3 + 1. Give f(m).
5
Let c be 36/72*(-2)/1. Let q(x) be the second derivative of 2*x**5/5 + x**2/2 - x. Give q(c).
-7
Let k be 5*(0/(-2) - -1). Suppose -m + k = 3. Suppose m*t = -5*y + 4*t + 16, 2*t = -3*y. Let s(d) = -d**2 + 5*d - 2. Give s(y).
4
Let b(g) = -4*g**3 - 7*g**2 + 8*g - 5. Let s(f) = 7*f**3 + 13*f**2 - 15*f + 10. Let z(y) = 5*b(y) + 3*s(y). Calculate z(-5).
5
Let s(f) = -f**2 - 8*f - 2. Suppose 0*i = -i + 5. Let k be (-1)/(-2) - i/10. Suppose k = -q, -2*q = -w - 0 - 5. Give s(w).
13
Let c(o) = 3*o**2 - 51*o - 2. Let r be c(17). Suppose 5*y = -0*y + 10. Let i(d) = d + 2. Let z(a) = a + 2. Let t(k) = y*z(k) - 3*i(k). Determine t(r).
0
Let y(l) = 2*l - 14. Suppose 5*g - 16 + 11 = 2*h, -h + 5*g = 15. Give y(h).
6
Let h(y) = -1 + 5*y**2 - 4*y**2 - 6*y - 4. Let v(s) = -s**2 - s - 1. Let k(p) = -h(p) + 4*v(p). Calculate k(-1).
-6
Let z(t) = -4*t**2 - t. Let k(a) = -11*a**2 - 3*a + 1. Let d(q) = -3*k(q) + 8*z(q). Give d(-3).
3
Let o(r) = 2*r - 1. Let c be o(-1). Let y(x) = -3*x**3 + x**2 + 4*x. Let p(k) = -4*k**3 + 4*k. Let m(z) = -4*p(z) + 5*y(z). Determine m(c).
6
Suppose 9*r + 23 + 22 = 0. Let t(o) = o + 3. Calculate t(r).
-2
Let s(t) = 9*t**3 + t**2 - 10*t + 13. Let l(y) = 5*y**3 + y**2 - 5*y + 7. Suppose -4*r - 11 = -3, 4*p + 20 = 4*r. Let a(q) = p*l(q) + 4*s(q). Give a(3).
-12
Let m(d) = 5*d + 20. Let w = -1 + 5. Let i(v) = 3*v + 10. Let o(k) = w*m(k) - 7*i(k). Calculate o(5).
5
Let n(s) = -7*s**3 - 19*s**2 - 19*s + 7. Let y(q) = -3*q**3 - 9*q**2 - 9*q + 3. Let j(x) = -2*n(x) + 5*y(x). Determine j(-6).
7
Let b(u) be the third derivative of u**6/120 - u**5/10 + 5*u**4/24 + 18*u**2. Calculate b(5).
0
Let h(d) = -d**2 - 6*d + 10. Let f be h(-7). Suppose f*n = 8*n + 15. Let w be (n/(-1) - 2)*-5. Let i(k) = -k - 1. Determine i(w).
4
Let j be 45/6 - 2/4. Let h = j + -2. Let v(t) = -t**3 + 4*t**2 + 4*t + 2. Determine v(h).
-3
Let d(m) = 3*m + 3. Let k(j) = j**3 - 3*j**2 - 2*j - 8. Let b be k(4). Let n = b + -4. Calculate d(n).
-9
Suppose 0*a + 15 = 5*a. Suppose -a*c = m - 16, -4*c - c + 16 = -m. Let b be (1 - 0)/(c - 5). Let i(w) = 3*w**3 + w**2 - 1. What is i(b)?
-3
Let c(s) be the second derivative of -s**4/3 + s**3/3 - s**2/2 + s. Let t(f) = f - 10. Let x be t(5). Let i = x - -6. What is c(i)?
-3
Let o(d) = d**2 - 1. Let u(s) = 3*s**2 + 8*s - 11. Let f(v) = 4*o(v) - u(v). Determine f(6).
-5
Let b(i) = -i**3 + i - 1. Let l be b(1). Let n(h) = -3*h - 1. Give n(l).
2
Let m(l) = 14*l**2 + l - 5. Let s(c) = -3*c**2 + 1. Let q(g) = -2*m(g) - 11*s(g). Let d be 14 + (2 - (-4 + 7)). Let h = -14 + d. Give q(h).
6
Let a(c) = -7*c**3 + c. Let u(t) = -t - 7. Let p be u(-8). Give a(p).
-6
Let s(u) = u. Let f(j) = -3*j + 5. Let a(b) = -f(b) - 2*s(b). Let m be 0 - -5 - (-1 - -1). Calculate a(m).
0
Let h(m) = -m**3 + m**2 + 2*m + 1. Let t(y) = -y**3 + 7*y**2 + 9*y - 4. Let g be t